4*y**2 + 8*y + 13. Let k be o(6). Suppose 6*t = 83 + k. What is the units digit of t?
6
Let r = 32 - 23. What is the tens digit of -4*r/(-30)*60?
7
Let a(n) = -11*n - 29. Let k = 21 - 26. What is the tens digit of a(k)?
2
Let k(n) = -n**2 - 16*n + 13. Let q be k(-8). Suppose 3*f - 5*p + q = 0, -2*f - 3*p = 2*f + 151. Let g = f - -52. What is the tens digit of g?
1
Let q = -521 - -561. What is the tens digit of q?
4
Let i be 11 - 14 - -2*38. Let c = i - -26. What is the tens digit of c?
9
Let v(u) = 4*u - 26. Let f be v(14). Suppose 35*o - 130 = f*o. What is the units digit of o?
6
Let n(b) = 45*b**2 - 9*b - 1. Let x(l) = -45*l**2 + 8*l + 1. Let o(m) = -5*n(m) - 6*x(m). What is the units digit of o(-1)?
7
Let b = 777 - -260. What is the tens digit of b?
3
Let p be ((-112)/(-21))/(-8)*-3. Let k = 9 + -4. Suppose -21 = -p*z + 5*g + 26, -g = k*z - 131. What is the units digit of z?
6
Let d = -61 + 2. Let q = d + 74. What is the units digit of q?
5
Let c = 16 - 9. Let l(z) be the second derivative of -z**5/20 + z**4/2 + 7*z**3/6 + 5*z**2/2 - 21*z. What is the units digit of l(c)?
5
Let a(q) = q**2 - 4*q - 8. Let w be a(7). Suppose -w = -3*o - 1. Suppose -b - 6 = -o*b. What is the units digit of b?
2
Suppose 3*t - 323 = -38. Let y(g) = -g**3 + 9*g**2 + 5*g - 16. Let w be y(10). Let k = w + t. What is the tens digit of k?
2
Let r(d) = d + 3. Let j be r(3). Let b be (0 + 3/6)*-2. What is the tens digit of (33/j - b)*2?
1
Suppose 7 = 4*s - 5. Suppose -150 = d - s*d. What is the tens digit of d?
7
Suppose 2*y + y = 27. Let s(d) = 2*d - 15. Let u be s(y). Suppose 0 = -5*m + 10, -5*v + u + 36 = -3*m. What is the units digit of v?
9
Suppose -3*u = 196 - 736. What is the units digit of u?
0
Suppose 20 = 3*b + 2. Let q(v) = 21*v - 105. Let i be q(5). What is the units digit of 26/6*(b - i)?
6
Suppose -332 = -4*n - 968. Let h = n + 288. What is the hundreds digit of h?
1
Let k be (2 - 0) + -2 + 4. Suppose -k*b + 104 = y - 94, -2*y = 4. What is the tens digit of b?
5
Suppose -2*d - 2*y = 25 - 141, -4*y = 2*d - 118. Suppose 3*c - d = 3*a - a, -5*c + 120 = 5*a. Let o = c - 8. What is the units digit of o?
3
Let g(p) = -p**3 + p**2 + p + 1662. What is the hundreds digit of g(0)?
6
What is the hundreds digit of (12 - (-162)/(-12))/((-2)/1728)?
2
Let d(t) = -5*t + 5. Let o be d(-4). Let m = 1099 - 752. Suppose m = 6*s - o. What is the tens digit of s?
6
Let w = 23 + -26. What is the units digit of -2*(28/(-8) + w)?
3
Let u be (2 - (-20)/(-1))*3. Suppose 10*g + 66 = 8*g. Let f = g - u. What is the units digit of f?
1
Suppose 3*j + 13524 = 5*u, -7188 = -3*u - j + 918. What is the thousands digit of u?
2
Suppose -13293 = -4*w - 0*w - 3*b, -5*b = w - 3336. What is the hundreds digit of w?
3
Let l(m) be the first derivative of 9*m**2/2 - 2*m + 1. Let x = 22 + -18. What is the units digit of l(x)?
4
Let a(w) = -840*w - 87. What is the thousands digit of a(-4)?
3
Let w(t) = 9*t**2 + 36*t - 20. What is the hundreds digit of w(-10)?
5
Suppose 5*v = 6*n - 2*n + 30, -4*n - 20 = 0. Suppose 5*t - 362 = -5*d - 47, 0 = v*t - d - 111. What is the units digit of t?
8
Let k be 1/5 - ((-654)/30 + 2). Let d = k - -23. What is the units digit of d?
3
Let v(o) = 10*o**2 + 9*o**2 + 6*o - 22*o**2 - o**3 + 3. Suppose 4*r + 18 = -2. What is the tens digit of v(r)?
2
Let h = -780 - -1120. Suppose -h = -7*x + 2*x + b, 5*b + 320 = 5*x. Suppose 5*j - 2*z - x - 89 = 0, -z = 5*j - 146. What is the tens digit of j?
3
Let z(g) = -115*g - 118. What is the units digit of z(-9)?
7
Let p(h) = h - 3 - 1 - 2*h. What is the units digit of p(-6)?
2
Let z = -1169 - -2269. Suppose -z = -7*y + 2*y. Suppose -2*c = -7*c + y. What is the units digit of c?
4
Let r = 52 + -48. Suppose 2*h - 393 = -2*h - s, -396 = -r*h - 4*s. What is the units digit of h?
8
Suppose 2*r + 5*d = 559, 5*r + d - 1409 = -0*r. What is the hundreds digit of r?
2
Suppose -4*m + 2092 = -4*k, -2*k + 2068 = 2*m + 2*m. What is the tens digit of m?
1
Suppose 0 = d + 5*j - 2016, -d - j = -0*j - 2012. What is the tens digit of d?
1
Let d = 2441 - 573. What is the units digit of d?
8
Let p be (((-40)/(-3))/5)/((-2)/(-3)). Suppose 0 = -p*n + 4*s + 501 - 177, -4*n = 2*s - 300. What is the units digit of n?
7
Let b(m) = 38*m**3 + 4*m - 1. What is the units digit of b(2)?
1
Let i(w) = 5*w + 64. Let t be i(-6). Suppose -t - 203 = -3*d. What is the tens digit of d?
7
Let s = 78 - 72. Let x(b) = b**3 - b**2 - 9*b + 2. What is the hundreds digit of x(s)?
1
Suppose -4*o = -3*c - 92, -10 = o + 4*c - 33. Suppose -y + 3*y = 0. Suppose w - 2*w + o = y. What is the units digit of w?
3
Let x(f) = 2*f - 2. Let w be x(2). Suppose w*y - 5*y = -9. Suppose 0 = 2*d - 2*z - 58, 12 = y*z - 3. What is the tens digit of d?
3
Let p = -1887 - -4816. What is the hundreds digit of p?
9
Let n = 38 + -7. Let f = 270 - n. What is the units digit of f?
9
Let o be (-4)/((-3)/(-48)*-1). Suppose 3*c + c - o = 0. Suppose -4*v + 56 = -c. What is the tens digit of v?
1
Suppose 8 = 2*k - 4*u, -2*k + 6 = -0*u - 3*u. Suppose 8*n + 49 - 241 = k. What is the units digit of n?
4
Suppose -3*o = -9, -2*j = -5*o + 234 + 451. Let y = -210 - j. What is the units digit of y?
5
Suppose -m + 5*m + 16 = 0, 3*m = -4*d + 7492. What is the tens digit of d?
7
Let b be (7/(-4))/((-1)/4). Suppose 0 = -b*m + 4*m + 21. What is the units digit of m?
7
Suppose 0 = f + 4*f - 285. Suppose t + 4*b = -7, 2*t + 29 = 3*t - 5*b. Suppose -4*r = -i - 228, t*i = -r + 4*i + f. What is the tens digit of r?
5
Let n(x) = x**3 + 2. Let l(u) = -u**2 + 5*u - 6. Let p be l(3). Let i be n(p). Suppose -5*j + i = -13. What is the units digit of j?
3
What is the thousands digit of (-19)/((-7575)/3775 + 2/1)?
2
Let v(g) = -598*g**3 - g**2 + 1. What is the hundreds digit of v(-1)?
5
Let s(w) = 5*w + 9. Suppose -p + 192 = -x + 5*x, -5*x = 4*p - 735. Let o be (-6)/2 + p/18. What is the units digit of s(o)?
4
Suppose 4616 = 4*x - 5*r, -2*x + 2308 = -0*x + 2*r. What is the hundreds digit of x?
1
Let r(g) = g**2 + 28. Let a(o) = -3*o + 3. Let m = 39 + -38. Let l be a(m). What is the tens digit of r(l)?
2
Let q = -11 - -13. What is the tens digit of 12 + -10 - (-28)/q?
1
Suppose 0 = 5*d + 5*d - 40. Suppose d*q + 16 = 0, 2*q - 7*q - 50 = -v. What is the tens digit of v?
3
Let a be (92/6)/(-2*2/(-6)). Suppose -a = 23*y - 24*y. What is the tens digit of y?
2
What is the units digit of -3 + 0 - (-1002 + -3)?
2
Suppose 171 = 2*z + 51. Let x(o) = -2*o**2 - 29*o - 23. Let l be x(-13). Suppose z = 2*m - l. What is the units digit of m?
8
Let d = 1327 - -2943. What is the thousands digit of d?
4
What is the tens digit of (-243)/6*(-3)/((-9)/(-22))?
9
Suppose 0 = 3*i + 4*u + 1148, -1130 = -2*i + 5*i - 5*u. What is the units digit of i/(-6) + 13/(-39)?
3
Let d = -39 - -42. Suppose v - 268 = 2*b - 60, -d*b = 4*v - 887. What is the units digit of v?
8
Let b = 60 - -212. Suppose 0 = -q + 4*z + b, -2*z = 8*q - 4*q - 1178. What is the units digit of q?
2
Let c = -25 - -193. Suppose -6*r + 0*r + c = 0. What is the units digit of r?
8
Let d(t) = t + 2 + 5 + 1. Let h be d(-6). Suppose -h*k - 73 = -3*u, -u + 2*k + 27 + 0 = 0. What is the tens digit of u?
2
Suppose -236 = -9*r + 7*r. Let u = r - 81. What is the units digit of u?
7
Let q be (3 + (-3)/2)*2. Suppose q*i = -0*i + 6, 4*i - 343 = -5*p. What is the units digit of p?
7
Let r(k) = 2*k**2 + 3*k - 502. What is the units digit of r(36)?
8
Suppose -2*m + 41 = -5*a, -4*m - a + 89 = m. Suppose m + 12 = u. Suppose -3*y = 5*z - 86, 3*z - 2*y = u + 14. What is the tens digit of z?
1
Let g = 20 + 24. Let s = g + -13. Let h = 39 - s. What is the units digit of h?
8
Suppose -2*d - 4 = -0. Let i be (-2928)/(-42) + d/(-7). What is the units digit of (i/4)/((-6)/(-12))?
5
Let m(t) be the third derivative of t**5/60 + t**4/2 + 5*t**3/6 - 3*t**2. Suppose 5*l + 61 - 1 = 0. What is the units digit of m(l)?
5
Suppose -2*o = 0, 0 = -5*u + 4*o + 45 - 10. Let r(f) = -f**2 + 16*f - 10. What is the tens digit of r(u)?
5
Let m(f) = -27*f - 6. Let w be m(-3). Suppose 53 = 2*c - w. What is the units digit of c?
4
Let l = 38 + 659. What is the hundreds digit of l?
6
Let q(u) = -u**3 + 5*u**2 - 4*u + 7. Let v be q(5). Let w(l) = -l**3 - 13*l**2. Let k be w(v). Suppose -2*j + 13 + 13 = k. What is the tens digit of j?
1
Suppose 